-2. What are the prime factors of z + -2 + 5 + x?
2, 3
Let r(t) = 7*t**3 - 2*t - 46. Let o(c) = 3*c**3 - c - 23. Let n(m) = -5*o(m) + 2*r(m). List the prime factors of n(0).
23
Let i = 4 + -1. Suppose -9 = -2*g - i*t, 4 = 5*g + 5*t - 31. What are the prime factors of 2/((-9)/g - -1)?
2
List the prime factors of -2 + 258 - 11/(11/(-2)).
2, 3, 43
Suppose 5*n + 2*j - 3*j = 94, 0 = 4*n + 3*j - 79. What are the prime factors of n?
19
Suppose v + 0*v = 0. List the prime factors of 1 + 1 + 12 + v.
2, 7
Let u(z) = -z + 8. What are the prime factors of u(4)?
2
Let s(h) be the first derivative of -h**4/4 - 5*h**3/3 - 2*h + 2. Let c be s(-4). List the prime factors of (c/15)/(1/(-5)).
2, 3
Suppose 2*u - 3*u = -46. Let v = u + -30. What are the prime factors of v?
2
Let q(l) = -l**2 - 6*l - 5. Let c be q(-4). Let w be 6/2*(-2 + 5). What are the prime factors of w/4 + c/(-12)?
2
Let l(n) = n**2 + 4*n + 5. Suppose 5*q - 4*w = -50, -3*q + 2*w - 40 = 2*q. What are the prime factors of l(q)?
17
Let t = 79 - -46. Suppose 5*s = 4*y + t, 4 = 2*s + 5*y - 13. List the prime factors of s.
3, 7
What are the prime factors of (-2)/(-1)*(-21)/(-2)?
3, 7
Let k(u) = 42*u. Let z be k(1). Suppose 7*r - 4*r = z. What are the prime factors of r?
2, 7
Suppose 0 = 4*u - u. Suppose u*r = -r. Suppose r*h = 2*h - 22. List the prime factors of h.
11
Let t = 22 - 15. Suppose -3*m - t = -2*m - 2*g, 5*m + 27 = 2*g. Let w = 5 - m. What are the prime factors of w?
2, 5
Let j be 2*9/6*1. Suppose 5*f - 22 = -2*h + 6*h, j*f = -2*h. List the prime factors of f.
2
Suppose -7*x + 1253 = -504. List the prime factors of x.
251
Let k(r) = -2*r - 3. Let s(h) = 6*h + 3. Let b(u) = -u. Let c(x) = -5*b(x) - s(x). Let v be c(0). What are the prime factors of k(v)?
3
Suppose -u = u, 0 = 5*k + u - 310. Suppose 3*v = 16 + k. Suppose 3*j - v = -z, -3*j - 5*z + 8 = -38. What are the prime factors of j?
7
Suppose 0 = -0*b - 3*b + 3. List the prime factors of (-1)/((-2)/50)*b.
5
Suppose -1 + 9 = -2*m. Let u(v) = -1 - 2*v - 2 + 2. What are the prime factors of u(m)?
7
Let m(b) = -b**2 + 9*b + 9. Let n be m(9). Suppose 0 = 6*x - 3*x - n. Suppose 2*j - j + 13 = 3*z, -2*z + 18 = -x*j. What are the prime factors of z?
3
Let r(t) = 2*t - 20. Let b(q) = -q. Let s(z) = -5*b(z) + r(z). List the prime factors of s(10).
2, 5
Suppose 2*m + 28 = 5*l, 3*m = m + 2. Suppose 2*o + l = 4*n, -4 + 7 = 3*o - 2*n. List the prime factors of 19/o + (-2)/6.
2, 3
Suppose -5*p + 561 = -2*t, 3*t = -4*p - t + 460. List the prime factors of p.
113
Suppose 2*y = -4*x - 2*y + 16, 0 = -3*x - 5*y + 14. Suppose x*b - 135 + 0 = 0. What are the prime factors of b?
3, 5
Let q = -3 - -3. Suppose q = z + 3*z - 20. Suppose 5*p + 2*f - 4 = 0, z*p + 8*f = 3*f - 5. What are the prime factors of p?
2
Let q = 7 - 7. Suppose 0 = n - q*n - 3. List the prime factors of n.
3
Let c = 1 + 5. Let z be 4/(-10) + 0 + (-4)/(-10). Suppose -h + c + 0 = z. What are the prime factors of h?
2, 3
Let n(z) be the second derivative of -z**5/60 + 2*z**3/3 - z**2 + 3*z. Let j(b) be the first derivative of n(b). What are the prime factors of j(0)?
2
Let z = 6 - -4. Suppose -z = -m + 6. List the prime factors of m.
2
Suppose 2*j - 4*p = 7*j - 11, 0 = -2*p - 2. Suppose -d + 19 = k, -j*k + k = -5*d - 10. List the prime factors of k.
3, 5
Let v(q) = -7*q - 1. Let l be v(3). Suppose 6*d - 2*d = 124. Let i = d + l. List the prime factors of i.
3
Suppose -8*r + 1050 = 2*r. List the prime factors of r.
3, 5, 7
Suppose -3*j + 22 = 2*y - 5*j, -3*y - 5*j = -57. List the prime factors of (7/(y/(-66)))/(-1).
3, 11
Let c(i) = i**3 - i**2 - 2*i + 98. List the prime factors of c(0).
2, 7
Suppose 2*g - 4*g + 5*j = 25, 2*g = j - 13. Let m(f) = 14*f + 1. Let o be m(-5). What are the prime factors of o*(g/(-3) - 2)?
23
Let h(n) = -6*n + n**2 - 1 + 2*n**2 + n**3 + 0*n**3 - 2. List the prime factors of h(-4).
5
Suppose -b - 4*i - 2 - 2 = 0, 4*b + 5*i = 6. Suppose -93 = -b*h - 13. What are the prime factors of h?
2, 5
Let d = 324 - 204. List the prime factors of d.
2, 3, 5
Suppose w + 2*w = 9. List the prime factors of w.
3
Let d(i) = -i**3 + 19*i**2 + 23*i - 45. List the prime factors of d(20).
3, 5
Let a be (-3 + 2 - -2) + 2. Suppose 0 = n + a*n - 24. List the prime factors of n.
2, 3
Suppose -y + 1 = -6. List the prime factors of y.
7
List the prime factors of (-3 - -2)/((-4)/708).
3, 59
Suppose 0 = -h + 3*h - 120. List the prime factors of h.
2, 3, 5
Suppose 3*s - s - 3*u = 97, 12 = -4*u. List the prime factors of s.
2, 11
Suppose -2*x + 6 = 0, -4*p + 1356 - 314 = -2*x. List the prime factors of p.
2, 131
Let w(p) be the third derivative of p**6/120 - p**5/15 - p**4/3 - 5*p**3/6 - p**2. List the prime factors of w(6).
19
Let i = 1 - 1. Let g(s) = s**3 - s + 5. Let z be g(i). Suppose 2*l - 13 = 3*x + 2*x, -50 = -5*l - z*x. What are the prime factors of l?
3
Let i = -1 - 0. Let u(f) = -3*f + 1. Let g be u(i). Suppose -m - 24 = 2*w - 4*w, 0 = g*w + 2*m - 40. List the prime factors of w.
11
Suppose 2*y = -3*y + 15. Let g(q) = y*q**2 + 3 + 2 - 8 - 4*q**2 - 5*q. List the prime factors of g(-3).
3
Let f be 16*1/2 + -3. Suppose f*b - 3*l = 2*l + 35, 0 = 5*b - l - 27. Suppose 4*y + 83 = 5*v, y = -v + b + 8. What are the prime factors of v?
3, 5
Suppose -26*f = -24*f - 392. What are the prime factors of f?
2, 7
Let w(b) = 7*b + 2. Let f be w(2). Let o = 24 - f. List the prime factors of o.
2
Let g be (4 + 0/(-1))/1. Let z(q) = -q**3 + 4*q**2 - 5*q + 4. Let o be z(2). Suppose 2*t - g = o. List the prime factors of t.
3
Let o = 105 - 21. What are the prime factors of o?
2, 3, 7
Let b(s) = -2*s - 4. Let v be b(-3). Suppose 2*j = 2, v*t - 3*j - 13 = -6*j. Suppose 0 = 2*c - 1 - t. What are the prime factors of c?
3
Let h be (-34)/(-6) - 6/9. Let a = 7 - h. Suppose 5*q = 5*y - 45, 60 = 6*y - y - a*q. What are the prime factors of y?
2, 7
Let d(f) = f**3 - f**2 - f. Let a be d(2). Suppose -5 = -5*h, a*m - 4*h = m - 2. What are the prime factors of m?
2
Let m be (-4)/18 - (-1304)/36. What are the prime factors of (2/(-3))/((-2)/m)?
2, 3
What are the prime factors of 0 + 5 + 161 + 2?
2, 3, 7
Let f(m) = m**3 - 22. Let v be f(0). Let z(y) = y**3 + 6*y**2 + y - 1. Let t be z(-6). Let u = t - v. What are the prime factors of u?
3, 5
Suppose o - 5*o + 144 = 0. List the prime factors of o.
2, 3
Suppose -3*f + 7 = -122. What are the prime factors of f?
43
List the prime factors of 1*(-4)/((-20)/685).
137
Suppose 0*k - 78 = -3*k. List the prime factors of k.
2, 13
What are the prime factors of ((-3 - -4) + -5)*-1?
2
Let t(h) = h**2 - h + 23. Let v be t(0). Let r be (33/6)/((-1)/2). Let l = r + v. What are the prime factors of l?
2, 3
Suppose b - 3*g - 35 = 0, 0 = -3*g - 6 - 3. List the prime factors of b.
2, 13
Let x be (1/(-2))/(3/36). List the prime factors of ((-4)/x)/((-3)/(-90)).
2, 5
Let m(j) = j. Let f be m(7). Suppose 35 = -2*h + f*h. Suppose 3*a - h = 2. List the prime factors of a.
3
Suppose 4*g = -2*f + 28, 0 = 2*f - f - 4. Suppose -4*r - g + 37 = -4*l, 4*r - 2*l = 28. What are the prime factors of r?
2, 3
Let m(r) be the second derivative of -5*r**3/6 - r**2 - 2*r. List the prime factors of m(-5).
23
Let b = 118 - 59. What are the prime factors of b?
59
Suppose -t + 0*t + 4*y + 26 = 0, 2*t = -5*y - 13. Let d = 37 - t. What are the prime factors of d?
31
Suppose 0 = -3*l + 6 + 6. Suppose 4*j = 8 + l. List the prime factors of j.
3
Let s(z) = z**2 - 7*z - 5. Let a be s(8). Let v = -9 + a. Let n = v + 10. What are the prime factors of n?
2
Suppose 69 + 6 = 5*i. List the prime factors of i.
3, 5
Let k be 0 + -2 + 2 + -456. List the prime factors of (-6)/(-4)*k/(-36).
19
What are the prime factors of -3*(-2 + 740/(-12))?
191
Let w(o) = -2*o**2 - 4*o - 5. Let r(p) = 6*p - 7*p + 0*p + 1. Let f(b) = -r(b) - w(b). List the prime factors of f(-4).
2
Suppose 5*g = 8*g - 108. List the prime factors of g.
2, 3
Let q be (-1)/3 - 62/(-6). Suppose -4*w + 31 = -v, 4*v - 5*w + 65 = v. List the prime factors of 9/v - (-116)/q.
11
Let s = -3 + 1. Let b(v) = -3*v. What are the prime factors of b(s)?
2, 3
Let g(b) = 189*b**2. What are the prime factors of g(1)?
3, 7
Let v = 394 + -219. What are the prime factors of v?
5, 7
Suppose o = -4*v + 32 + 56, -o = 5*v - 84. What are the prime factors of o?
2, 13
Let u(p) = -2*p**2 